{"id":1917,"date":"2025-05-19T23:20:56","date_gmt":"2025-05-19T21:20:56","guid":{"rendered":"https:\/\/monch.it\/demo\/garfidi\/contatti\/"},"modified":"2025-10-13T13:29:40","modified_gmt":"2025-10-13T11:29:40","slug":"contat","status":"publish","type":"page","link":"https:\/\/www.garfidi.it\/lld\/contat\/","title":{"rendered":"Contat"},"content":{"rendered":"<p>Ador\u00ebis nosc sost\u00ebgn y or\u00ebis sav\u00ebi depl\u00fc s\u00f6n Garfidi y s\u00f6n n\u00fcsc sorvisc o \u00ebis val&#8217;domanda? Tolede s\u00f6 contat cun nos. I sun ion a osta desposiziun y i s&#8217;inconfortun da ciaf\u00e9 osc messaje.<\/p>\n<p>I or\u00ebis ciaf\u00e9 na cosul\u00ebnza personala o f\u00e1 na domanda por na garanzia? Nosta s\u00ebnta prinziapala \u00e9 tl Citytower a Balsan. Nosc team \u00e9 ion a osta desposiziun. Impl\u00fc un tres nosta r\u00ebi sci\u00f6che cooperativa de garanzia pl\u00fc grana dl S\u00fcdtirol istitu\u00ed n valg\u00fcgn Garfidi-Points pro les assoziaziuns economiches pl\u00fc importantes.<\/p>\n","protected":false},"excerpt":{"rendered":"<p>Ador\u00ebis nosc sost\u00ebgn y or\u00ebis sav\u00ebi depl\u00fc s\u00f6n Garfidi y s\u00f6n n\u00fcsc sorvisc o \u00ebis val&#8217;domanda? Tolede s\u00f6 contat cun [&hellip;]<\/p>\n","protected":false},"author":1,"featured_media":2639,"parent":0,"menu_order":0,"comment_status":"closed","ping_status":"closed","template":"","meta":{"_acf_changed":false,"footnotes":""},"class_list":["post-1917","page","type-page","status-publish","has-post-thumbnail","hentry"],"acf":[],"yoast_head":"<!-- This site is optimized with the Yoast SEO plugin v27.4 - https:\/\/yoast.com\/product\/yoast-seo-wordpress\/ -->\n<title>Garfidi - Garanzia de credit tl S\u00fcdtirol | Contat<\/title>\n<meta name=\"description\" content=\"Ador\u00ebis nosc sost\u00ebgn y or\u00ebis sav\u00ebi depl\u00fc s\u00f6n Garfidi y s\u00f6n n\u00fcsc sorvisc o \u00ebis val&#039;domanda? I sun ion a osta desposiziun.\" \/>\n<meta name=\"robots\" content=\"index, follow, max-snippet:-1, max-image-preview:large, max-video-preview:-1\" \/>\n<link rel=\"canonical\" href=\"https:\/\/www.garfidi.it\/lld\/contat\/\" \/>\n<meta property=\"og:locale\" content=\"en_US\" \/>\n<meta property=\"og:type\" content=\"article\" \/>\n<meta property=\"og:title\" content=\"Garfidi - Garanzia de credit tl S\u00fcdtirol | Contat\" \/>\n<meta property=\"og:description\" content=\"Ador\u00ebis nosc sost\u00ebgn y or\u00ebis sav\u00ebi depl\u00fc s\u00f6n Garfidi y s\u00f6n n\u00fcsc sorvisc o \u00ebis val&#039;domanda? I sun ion a osta desposiziun.\" \/>\n<meta property=\"og:url\" content=\"https:\/\/www.garfidi.it\/lld\/contat\/\" \/>\n<meta property=\"og:site_name\" content=\"Garfidi\" \/>\n<meta property=\"article:modified_time\" content=\"2025-10-13T11:29:40+00:00\" \/>\n<meta property=\"og:image\" content=\"https:\/\/www.garfidi.it\/assets\/uploads\/Garfidi-Kreditgenossenschaft-6-scaled.jpg\" \/>\n\t<meta property=\"og:image:width\" content=\"2560\" \/>\n\t<meta property=\"og:image:height\" content=\"1707\" \/>\n\t<meta property=\"og:image:type\" content=\"image\/jpeg\" \/>\n<meta name=\"twitter:card\" content=\"summary_large_image\" \/>\n<meta name=\"twitter:label1\" content=\"Est. reading time\" \/>\n\t<meta name=\"twitter:data1\" content=\"4 minutes\" \/>\n<script type=\"application\/ld+json\" class=\"yoast-schema-graph\">{\"@context\":\"https:\\\/\\\/schema.org\",\"@graph\":[{\"@type\":\"WebPage\",\"@id\":\"https:\\\/\\\/www.garfidi.it\\\/lld\\\/contat\\\/\",\"url\":\"https:\\\/\\\/www.garfidi.it\\\/lld\\\/contat\\\/\",\"name\":\"Garfidi - Garanzia de credit tl S\u00fcdtirol | Contat\",\"isPartOf\":{\"@id\":\"https:\\\/\\\/www.garfidi.it\\\/lld\\\/#website\"},\"primaryImageOfPage\":{\"@id\":\"https:\\\/\\\/www.garfidi.it\\\/lld\\\/contat\\\/#primaryimage\"},\"image\":{\"@id\":\"https:\\\/\\\/www.garfidi.it\\\/lld\\\/contat\\\/#primaryimage\"},\"thumbnailUrl\":\"https:\\\/\\\/www.garfidi.it\\\/assets\\\/uploads\\\/Garfidi-Kreditgenossenschaft-6-scaled.jpg\",\"datePublished\":\"2025-05-19T21:20:56+00:00\",\"dateModified\":\"2025-10-13T11:29:40+00:00\",\"description\":\"Ador\u00ebis nosc sost\u00ebgn y or\u00ebis sav\u00ebi depl\u00fc s\u00f6n Garfidi y s\u00f6n n\u00fcsc sorvisc o \u00ebis val'domanda? I sun ion a osta desposiziun.\",\"breadcrumb\":{\"@id\":\"https:\\\/\\\/www.garfidi.it\\\/lld\\\/contat\\\/#breadcrumb\"},\"inLanguage\":\"lld-IT\",\"potentialAction\":[{\"@type\":\"ReadAction\",\"target\":[\"https:\\\/\\\/www.garfidi.it\\\/lld\\\/contat\\\/\"]}]},{\"@type\":\"ImageObject\",\"inLanguage\":\"lld-IT\",\"@id\":\"https:\\\/\\\/www.garfidi.it\\\/lld\\\/contat\\\/#primaryimage\",\"url\":\"https:\\\/\\\/www.garfidi.it\\\/assets\\\/uploads\\\/Garfidi-Kreditgenossenschaft-6-scaled.jpg\",\"contentUrl\":\"https:\\\/\\\/www.garfidi.it\\\/assets\\\/uploads\\\/Garfidi-Kreditgenossenschaft-6-scaled.jpg\",\"width\":2560,\"height\":1707},{\"@type\":\"BreadcrumbList\",\"@id\":\"https:\\\/\\\/www.garfidi.it\\\/lld\\\/contat\\\/#breadcrumb\",\"itemListElement\":[{\"@type\":\"ListItem\",\"position\":1,\"name\":\"Home\",\"item\":\"https:\\\/\\\/www.garfidi.it\\\/lld\\\/\"},{\"@type\":\"ListItem\",\"position\":2,\"name\":\"Contat\"}]},{\"@type\":\"WebSite\",\"@id\":\"https:\\\/\\\/www.garfidi.it\\\/lld\\\/#website\",\"url\":\"https:\\\/\\\/www.garfidi.it\\\/lld\\\/\",\"name\":\"Garfidi\",\"description\":\"Garanzia sul Credito Alto Adige\",\"publisher\":{\"@id\":\"https:\\\/\\\/www.garfidi.it\\\/lld\\\/#organization\"},\"potentialAction\":[{\"@type\":\"SearchAction\",\"target\":{\"@type\":\"EntryPoint\",\"urlTemplate\":\"https:\\\/\\\/www.garfidi.it\\\/lld\\\/?s={search_term_string}\"},\"query-input\":{\"@type\":\"PropertyValueSpecification\",\"valueRequired\":true,\"valueName\":\"search_term_string\"}}],\"inLanguage\":\"lld-IT\"},{\"@type\":\"Organization\",\"@id\":\"https:\\\/\\\/www.garfidi.it\\\/lld\\\/#organization\",\"name\":\"Garfidi\",\"url\":\"https:\\\/\\\/www.garfidi.it\\\/lld\\\/\",\"logo\":{\"@type\":\"ImageObject\",\"inLanguage\":\"lld-IT\",\"@id\":\"https:\\\/\\\/www.garfidi.it\\\/lld\\\/#\\\/schema\\\/logo\\\/image\\\/\",\"url\":\"https:\\\/\\\/www.garfidi.it\\\/assets\\\/uploads\\\/cropped-favicon.png\",\"contentUrl\":\"https:\\\/\\\/www.garfidi.it\\\/assets\\\/uploads\\\/cropped-favicon.png\",\"width\":512,\"height\":512,\"caption\":\"Garfidi\"},\"image\":{\"@id\":\"https:\\\/\\\/www.garfidi.it\\\/lld\\\/#\\\/schema\\\/logo\\\/image\\\/\"}}]}<\/script>\n<!-- \/ Yoast SEO plugin. -->","yoast_head_json":{"title":"Garfidi - Garanzia de credit tl S\u00fcdtirol | Contat","description":"Ador\u00ebis nosc sost\u00ebgn y or\u00ebis sav\u00ebi depl\u00fc s\u00f6n Garfidi y s\u00f6n n\u00fcsc sorvisc o \u00ebis val'domanda? I sun ion a osta desposiziun.","robots":{"index":"index","follow":"follow","max-snippet":"max-snippet:-1","max-image-preview":"max-image-preview:large","max-video-preview":"max-video-preview:-1"},"canonical":"https:\/\/www.garfidi.it\/lld\/contat\/","og_locale":"en_US","og_type":"article","og_title":"Garfidi - Garanzia de credit tl S\u00fcdtirol | Contat","og_description":"Ador\u00ebis nosc sost\u00ebgn y or\u00ebis sav\u00ebi depl\u00fc s\u00f6n Garfidi y s\u00f6n n\u00fcsc sorvisc o \u00ebis val'domanda? I sun ion a osta desposiziun.","og_url":"https:\/\/www.garfidi.it\/lld\/contat\/","og_site_name":"Garfidi","article_modified_time":"2025-10-13T11:29:40+00:00","og_image":[{"width":2560,"height":1707,"url":"https:\/\/www.garfidi.it\/assets\/uploads\/Garfidi-Kreditgenossenschaft-6-scaled.jpg","type":"image\/jpeg"}],"twitter_card":"summary_large_image","twitter_misc":{"Est. reading time":"4 minutes"},"schema":{"@context":"https:\/\/schema.org","@graph":[{"@type":"WebPage","@id":"https:\/\/www.garfidi.it\/lld\/contat\/","url":"https:\/\/www.garfidi.it\/lld\/contat\/","name":"Garfidi - Garanzia de credit tl S\u00fcdtirol | Contat","isPartOf":{"@id":"https:\/\/www.garfidi.it\/lld\/#website"},"primaryImageOfPage":{"@id":"https:\/\/www.garfidi.it\/lld\/contat\/#primaryimage"},"image":{"@id":"https:\/\/www.garfidi.it\/lld\/contat\/#primaryimage"},"thumbnailUrl":"https:\/\/www.garfidi.it\/assets\/uploads\/Garfidi-Kreditgenossenschaft-6-scaled.jpg","datePublished":"2025-05-19T21:20:56+00:00","dateModified":"2025-10-13T11:29:40+00:00","description":"Ador\u00ebis nosc sost\u00ebgn y or\u00ebis sav\u00ebi depl\u00fc s\u00f6n Garfidi y s\u00f6n n\u00fcsc sorvisc o \u00ebis val'domanda? I sun ion a osta desposiziun.","breadcrumb":{"@id":"https:\/\/www.garfidi.it\/lld\/contat\/#breadcrumb"},"inLanguage":"lld-IT","potentialAction":[{"@type":"ReadAction","target":["https:\/\/www.garfidi.it\/lld\/contat\/"]}]},{"@type":"ImageObject","inLanguage":"lld-IT","@id":"https:\/\/www.garfidi.it\/lld\/contat\/#primaryimage","url":"https:\/\/www.garfidi.it\/assets\/uploads\/Garfidi-Kreditgenossenschaft-6-scaled.jpg","contentUrl":"https:\/\/www.garfidi.it\/assets\/uploads\/Garfidi-Kreditgenossenschaft-6-scaled.jpg","width":2560,"height":1707},{"@type":"BreadcrumbList","@id":"https:\/\/www.garfidi.it\/lld\/contat\/#breadcrumb","itemListElement":[{"@type":"ListItem","position":1,"name":"Home","item":"https:\/\/www.garfidi.it\/lld\/"},{"@type":"ListItem","position":2,"name":"Contat"}]},{"@type":"WebSite","@id":"https:\/\/www.garfidi.it\/lld\/#website","url":"https:\/\/www.garfidi.it\/lld\/","name":"Garfidi","description":"Garanzia sul Credito Alto Adige","publisher":{"@id":"https:\/\/www.garfidi.it\/lld\/#organization"},"potentialAction":[{"@type":"SearchAction","target":{"@type":"EntryPoint","urlTemplate":"https:\/\/www.garfidi.it\/lld\/?s={search_term_string}"},"query-input":{"@type":"PropertyValueSpecification","valueRequired":true,"valueName":"search_term_string"}}],"inLanguage":"lld-IT"},{"@type":"Organization","@id":"https:\/\/www.garfidi.it\/lld\/#organization","name":"Garfidi","url":"https:\/\/www.garfidi.it\/lld\/","logo":{"@type":"ImageObject","inLanguage":"lld-IT","@id":"https:\/\/www.garfidi.it\/lld\/#\/schema\/logo\/image\/","url":"https:\/\/www.garfidi.it\/assets\/uploads\/cropped-favicon.png","contentUrl":"https:\/\/www.garfidi.it\/assets\/uploads\/cropped-favicon.png","width":512,"height":512,"caption":"Garfidi"},"image":{"@id":"https:\/\/www.garfidi.it\/lld\/#\/schema\/logo\/image\/"}}]}},"_links":{"self":[{"href":"https:\/\/www.garfidi.it\/lld\/wp-json\/wp\/v2\/pages\/1917","targetHints":{"allow":["GET"]}}],"collection":[{"href":"https:\/\/www.garfidi.it\/lld\/wp-json\/wp\/v2\/pages"}],"about":[{"href":"https:\/\/www.garfidi.it\/lld\/wp-json\/wp\/v2\/types\/page"}],"author":[{"embeddable":true,"href":"https:\/\/www.garfidi.it\/lld\/wp-json\/wp\/v2\/users\/1"}],"replies":[{"embeddable":true,"href":"https:\/\/www.garfidi.it\/lld\/wp-json\/wp\/v2\/comments?post=1917"}],"version-history":[{"count":18,"href":"https:\/\/www.garfidi.it\/lld\/wp-json\/wp\/v2\/pages\/1917\/revisions"}],"predecessor-version":[{"id":3122,"href":"https:\/\/www.garfidi.it\/lld\/wp-json\/wp\/v2\/pages\/1917\/revisions\/3122"}],"wp:featuredmedia":[{"embeddable":true,"href":"https:\/\/www.garfidi.it\/lld\/wp-json\/wp\/v2\/media\/2639"}],"wp:attachment":[{"href":"https:\/\/www.garfidi.it\/lld\/wp-json\/wp\/v2\/media?parent=1917"}],"curies":[{"name":"wp","href":"https:\/\/api.w.org\/{rel}","templated":true}]}}