{"id":1925,"date":"2025-05-27T11:33:45","date_gmt":"2025-05-27T09:33:45","guid":{"rendered":"https:\/\/monch.it\/demo\/garfidi\/faq\/"},"modified":"2025-08-28T13:05:16","modified_gmt":"2025-08-28T11:05:16","slug":"faqs","status":"publish","type":"page","link":"https:\/\/www.garfidi.it\/lld\/faqs\/","title":{"rendered":"FAQs"},"content":{"rendered":"<p>Or\u00ebise sav\u00ebi depl\u00fc s\u00f6n Garfidi y s\u00f6n nostes prestaziuns? I un respogn\u00fc ales domandes che v\u00ebgn fates pl\u00fc sov\u00ebnz por c\u00f6ie ad\u00f6m les informaziuns pl\u00fc relevantes. Sce i \u00ebis imp\u00f3 ciam\u00f3 na domanda sun ion a desposiziun por os.<\/p>\n","protected":false},"excerpt":{"rendered":"<p>Or\u00ebise sav\u00ebi depl\u00fc s\u00f6n Garfidi y s\u00f6n nostes prestaziuns? I un respogn\u00fc ales domandes che v\u00ebgn fates pl\u00fc sov\u00ebnz por [&hellip;]<\/p>\n","protected":false},"author":1,"featured_media":2918,"parent":0,"menu_order":0,"comment_status":"closed","ping_status":"closed","template":"","meta":{"_acf_changed":false,"footnotes":""},"class_list":["post-1925","page","type-page","status-publish","has-post-thumbnail","hentry"],"acf":[],"yoast_head":"<!-- This site is optimized with the Yoast SEO plugin v27.4 - https:\/\/yoast.com\/product\/yoast-seo-wordpress\/ -->\n<title>Garfidi - Garanzia de credit tl S\u00fcdtirol | FAQs<\/title>\n<meta name=\"description\" content=\"Or\u00ebise sav\u00ebi depl\u00fc s\u00f6n Garfidi y s\u00f6n nostes prestaziuns? Chil\u00f3 coiunse ad\u00f6m les informaziuns pl\u00fc relevantes.\" \/>\n<meta name=\"robots\" content=\"index, follow, max-snippet:-1, max-image-preview:large, max-video-preview:-1\" \/>\n<link rel=\"canonical\" href=\"https:\/\/www.garfidi.it\/lld\/faqs\/\" \/>\n<meta property=\"og:locale\" content=\"en_US\" \/>\n<meta property=\"og:type\" content=\"article\" \/>\n<meta property=\"og:title\" content=\"Garfidi - Garanzia de credit tl S\u00fcdtirol | FAQs\" \/>\n<meta property=\"og:description\" content=\"Or\u00ebise sav\u00ebi depl\u00fc s\u00f6n Garfidi y s\u00f6n nostes prestaziuns? Chil\u00f3 coiunse ad\u00f6m les informaziuns pl\u00fc relevantes.\" \/>\n<meta property=\"og:url\" content=\"https:\/\/www.garfidi.it\/lld\/faqs\/\" \/>\n<meta property=\"og:site_name\" content=\"Garfidi\" \/>\n<meta property=\"article:modified_time\" content=\"2025-08-28T11:05:16+00:00\" \/>\n<meta property=\"og:image\" content=\"https:\/\/www.garfidi.it\/assets\/uploads\/Garfidi-Kreditgenossenschaft-20-scaled.jpg\" \/>\n\t<meta property=\"og:image:width\" content=\"2560\" \/>\n\t<meta property=\"og:image:height\" content=\"1707\" \/>\n\t<meta property=\"og:image:type\" content=\"image\/jpeg\" \/>\n<meta name=\"twitter:card\" content=\"summary_large_image\" \/>\n<meta name=\"twitter:label1\" content=\"Est. reading time\" \/>\n\t<meta name=\"twitter:data1\" content=\"5 minutes\" \/>\n<script type=\"application\/ld+json\" class=\"yoast-schema-graph\">{\"@context\":\"https:\\\/\\\/schema.org\",\"@graph\":[{\"@type\":\"WebPage\",\"@id\":\"https:\\\/\\\/www.garfidi.it\\\/lld\\\/faqs\\\/\",\"url\":\"https:\\\/\\\/www.garfidi.it\\\/lld\\\/faqs\\\/\",\"name\":\"Garfidi - Garanzia de credit tl S\u00fcdtirol | FAQs\",\"isPartOf\":{\"@id\":\"https:\\\/\\\/www.garfidi.it\\\/lld\\\/#website\"},\"primaryImageOfPage\":{\"@id\":\"https:\\\/\\\/www.garfidi.it\\\/lld\\\/faqs\\\/#primaryimage\"},\"image\":{\"@id\":\"https:\\\/\\\/www.garfidi.it\\\/lld\\\/faqs\\\/#primaryimage\"},\"thumbnailUrl\":\"https:\\\/\\\/www.garfidi.it\\\/assets\\\/uploads\\\/Garfidi-Kreditgenossenschaft-20-scaled.jpg\",\"datePublished\":\"2025-05-27T09:33:45+00:00\",\"dateModified\":\"2025-08-28T11:05:16+00:00\",\"description\":\"Or\u00ebise sav\u00ebi depl\u00fc s\u00f6n Garfidi y s\u00f6n nostes prestaziuns? Chil\u00f3 coiunse ad\u00f6m les informaziuns pl\u00fc relevantes.\",\"breadcrumb\":{\"@id\":\"https:\\\/\\\/www.garfidi.it\\\/lld\\\/faqs\\\/#breadcrumb\"},\"inLanguage\":\"lld-IT\",\"potentialAction\":[{\"@type\":\"ReadAction\",\"target\":[\"https:\\\/\\\/www.garfidi.it\\\/lld\\\/faqs\\\/\"]}]},{\"@type\":\"ImageObject\",\"inLanguage\":\"lld-IT\",\"@id\":\"https:\\\/\\\/www.garfidi.it\\\/lld\\\/faqs\\\/#primaryimage\",\"url\":\"https:\\\/\\\/www.garfidi.it\\\/assets\\\/uploads\\\/Garfidi-Kreditgenossenschaft-20-scaled.jpg\",\"contentUrl\":\"https:\\\/\\\/www.garfidi.it\\\/assets\\\/uploads\\\/Garfidi-Kreditgenossenschaft-20-scaled.jpg\",\"width\":2560,\"height\":1707},{\"@type\":\"BreadcrumbList\",\"@id\":\"https:\\\/\\\/www.garfidi.it\\\/lld\\\/faqs\\\/#breadcrumb\",\"itemListElement\":[{\"@type\":\"ListItem\",\"position\":1,\"name\":\"Home\",\"item\":\"https:\\\/\\\/www.garfidi.it\\\/lld\\\/\"},{\"@type\":\"ListItem\",\"position\":2,\"name\":\"FAQs\"}]},{\"@type\":\"WebSite\",\"@id\":\"https:\\\/\\\/www.garfidi.it\\\/lld\\\/#website\",\"url\":\"https:\\\/\\\/www.garfidi.it\\\/lld\\\/\",\"name\":\"Garfidi\",\"description\":\"Garanzia sul Credito Alto Adige\",\"publisher\":{\"@id\":\"https:\\\/\\\/www.garfidi.it\\\/lld\\\/#organization\"},\"potentialAction\":[{\"@type\":\"SearchAction\",\"target\":{\"@type\":\"EntryPoint\",\"urlTemplate\":\"https:\\\/\\\/www.garfidi.it\\\/lld\\\/?s={search_term_string}\"},\"query-input\":{\"@type\":\"PropertyValueSpecification\",\"valueRequired\":true,\"valueName\":\"search_term_string\"}}],\"inLanguage\":\"lld-IT\"},{\"@type\":\"Organization\",\"@id\":\"https:\\\/\\\/www.garfidi.it\\\/lld\\\/#organization\",\"name\":\"Garfidi\",\"url\":\"https:\\\/\\\/www.garfidi.it\\\/lld\\\/\",\"logo\":{\"@type\":\"ImageObject\",\"inLanguage\":\"lld-IT\",\"@id\":\"https:\\\/\\\/www.garfidi.it\\\/lld\\\/#\\\/schema\\\/logo\\\/image\\\/\",\"url\":\"https:\\\/\\\/www.garfidi.it\\\/assets\\\/uploads\\\/cropped-favicon.png\",\"contentUrl\":\"https:\\\/\\\/www.garfidi.it\\\/assets\\\/uploads\\\/cropped-favicon.png\",\"width\":512,\"height\":512,\"caption\":\"Garfidi\"},\"image\":{\"@id\":\"https:\\\/\\\/www.garfidi.it\\\/lld\\\/#\\\/schema\\\/logo\\\/image\\\/\"}}]}<\/script>\n<!-- \/ Yoast SEO plugin. -->","yoast_head_json":{"title":"Garfidi - Garanzia de credit tl S\u00fcdtirol | FAQs","description":"Or\u00ebise sav\u00ebi depl\u00fc s\u00f6n Garfidi y s\u00f6n nostes prestaziuns? Chil\u00f3 coiunse ad\u00f6m les informaziuns pl\u00fc relevantes.","robots":{"index":"index","follow":"follow","max-snippet":"max-snippet:-1","max-image-preview":"max-image-preview:large","max-video-preview":"max-video-preview:-1"},"canonical":"https:\/\/www.garfidi.it\/lld\/faqs\/","og_locale":"en_US","og_type":"article","og_title":"Garfidi - Garanzia de credit tl S\u00fcdtirol | FAQs","og_description":"Or\u00ebise sav\u00ebi depl\u00fc s\u00f6n Garfidi y s\u00f6n nostes prestaziuns? Chil\u00f3 coiunse ad\u00f6m les informaziuns pl\u00fc relevantes.","og_url":"https:\/\/www.garfidi.it\/lld\/faqs\/","og_site_name":"Garfidi","article_modified_time":"2025-08-28T11:05:16+00:00","og_image":[{"width":2560,"height":1707,"url":"https:\/\/www.garfidi.it\/assets\/uploads\/Garfidi-Kreditgenossenschaft-20-scaled.jpg","type":"image\/jpeg"}],"twitter_card":"summary_large_image","twitter_misc":{"Est. reading time":"5 minutes"},"schema":{"@context":"https:\/\/schema.org","@graph":[{"@type":"WebPage","@id":"https:\/\/www.garfidi.it\/lld\/faqs\/","url":"https:\/\/www.garfidi.it\/lld\/faqs\/","name":"Garfidi - Garanzia de credit tl S\u00fcdtirol | FAQs","isPartOf":{"@id":"https:\/\/www.garfidi.it\/lld\/#website"},"primaryImageOfPage":{"@id":"https:\/\/www.garfidi.it\/lld\/faqs\/#primaryimage"},"image":{"@id":"https:\/\/www.garfidi.it\/lld\/faqs\/#primaryimage"},"thumbnailUrl":"https:\/\/www.garfidi.it\/assets\/uploads\/Garfidi-Kreditgenossenschaft-20-scaled.jpg","datePublished":"2025-05-27T09:33:45+00:00","dateModified":"2025-08-28T11:05:16+00:00","description":"Or\u00ebise sav\u00ebi depl\u00fc s\u00f6n Garfidi y s\u00f6n nostes prestaziuns? Chil\u00f3 coiunse ad\u00f6m les informaziuns pl\u00fc relevantes.","breadcrumb":{"@id":"https:\/\/www.garfidi.it\/lld\/faqs\/#breadcrumb"},"inLanguage":"lld-IT","potentialAction":[{"@type":"ReadAction","target":["https:\/\/www.garfidi.it\/lld\/faqs\/"]}]},{"@type":"ImageObject","inLanguage":"lld-IT","@id":"https:\/\/www.garfidi.it\/lld\/faqs\/#primaryimage","url":"https:\/\/www.garfidi.it\/assets\/uploads\/Garfidi-Kreditgenossenschaft-20-scaled.jpg","contentUrl":"https:\/\/www.garfidi.it\/assets\/uploads\/Garfidi-Kreditgenossenschaft-20-scaled.jpg","width":2560,"height":1707},{"@type":"BreadcrumbList","@id":"https:\/\/www.garfidi.it\/lld\/faqs\/#breadcrumb","itemListElement":[{"@type":"ListItem","position":1,"name":"Home","item":"https:\/\/www.garfidi.it\/lld\/"},{"@type":"ListItem","position":2,"name":"FAQs"}]},{"@type":"WebSite","@id":"https:\/\/www.garfidi.it\/lld\/#website","url":"https:\/\/www.garfidi.it\/lld\/","name":"Garfidi","description":"Garanzia sul Credito Alto Adige","publisher":{"@id":"https:\/\/www.garfidi.it\/lld\/#organization"},"potentialAction":[{"@type":"SearchAction","target":{"@type":"EntryPoint","urlTemplate":"https:\/\/www.garfidi.it\/lld\/?s={search_term_string}"},"query-input":{"@type":"PropertyValueSpecification","valueRequired":true,"valueName":"search_term_string"}}],"inLanguage":"lld-IT"},{"@type":"Organization","@id":"https:\/\/www.garfidi.it\/lld\/#organization","name":"Garfidi","url":"https:\/\/www.garfidi.it\/lld\/","logo":{"@type":"ImageObject","inLanguage":"lld-IT","@id":"https:\/\/www.garfidi.it\/lld\/#\/schema\/logo\/image\/","url":"https:\/\/www.garfidi.it\/assets\/uploads\/cropped-favicon.png","contentUrl":"https:\/\/www.garfidi.it\/assets\/uploads\/cropped-favicon.png","width":512,"height":512,"caption":"Garfidi"},"image":{"@id":"https:\/\/www.garfidi.it\/lld\/#\/schema\/logo\/image\/"}}]}},"_links":{"self":[{"href":"https:\/\/www.garfidi.it\/lld\/wp-json\/wp\/v2\/pages\/1925","targetHints":{"allow":["GET"]}}],"collection":[{"href":"https:\/\/www.garfidi.it\/lld\/wp-json\/wp\/v2\/pages"}],"about":[{"href":"https:\/\/www.garfidi.it\/lld\/wp-json\/wp\/v2\/types\/page"}],"author":[{"embeddable":true,"href":"https:\/\/www.garfidi.it\/lld\/wp-json\/wp\/v2\/users\/1"}],"replies":[{"embeddable":true,"href":"https:\/\/www.garfidi.it\/lld\/wp-json\/wp\/v2\/comments?post=1925"}],"version-history":[{"count":15,"href":"https:\/\/www.garfidi.it\/lld\/wp-json\/wp\/v2\/pages\/1925\/revisions"}],"predecessor-version":[{"id":2922,"href":"https:\/\/www.garfidi.it\/lld\/wp-json\/wp\/v2\/pages\/1925\/revisions\/2922"}],"wp:featuredmedia":[{"embeddable":true,"href":"https:\/\/www.garfidi.it\/lld\/wp-json\/wp\/v2\/media\/2918"}],"wp:attachment":[{"href":"https:\/\/www.garfidi.it\/lld\/wp-json\/wp\/v2\/media?parent=1925"}],"curies":[{"name":"wp","href":"https:\/\/api.w.org\/{rel}","templated":true}]}}