{"id":1934,"date":"2025-05-19T23:19:26","date_gmt":"2025-05-19T21:19:26","guid":{"rendered":"https:\/\/monch.it\/demo\/garfidi\/su-di-noi\/"},"modified":"2026-03-30T08:41:21","modified_gmt":"2026-03-30T06:41:21","slug":"chi-che-i-sun","status":"publish","type":"page","link":"https:\/\/www.garfidi.it\/lld\/chi-che-i-sun\/","title":{"rendered":"Chi che i sun"},"content":{"rendered":"<p>Garfidi \u00e9 la cooperativa de garanzia pl\u00fc grana dl S\u00fcdtirol cun depl\u00f6 m\u00ebmbri. Bele da dezens sostignun azi\u00ebndes y daidun insci\u00f6 da prom\u00f6ie l&#8217;economia s\u00fcdtiroleja. I sun esperc tl setur che reverda garanzies s\u00f6l credit fates s\u00f6n mos\u00f6ra por finanziam\u00ebnc d&#8217;investim\u00ebnt o por assigur\u00e9 la licuidit\u00e9 de osta azi\u00ebnda.<\/p>\n<p>I ves sostignun pro d\u00f6tes les chestiuns de credit, i ves aconsiun cun na consul\u00ebnza individuala s\u00f6n formes de finanziam\u00ebnt a de bones condiziuns por osc proiet y i ciarun da rov\u00e9 a n&#8217;aprovaziun te na manira asvelta. Por f\u00e1 ch\u00ebsc laorun ad\u00f6m cun les banches y istituziuns che \u00e9 leader te s\u00fc seturs. Nosta r\u00ebi de colaboraziun tol ite les assoziaziuns dl LVH, hds, HGV, SHV, dla Confesercenti y dl&#8217;assoziaziun de profescionis\u0107 l\u00ebdi dl S\u00fcdtirol.<\/p>\n","protected":false},"excerpt":{"rendered":"<p>Garfidi \u00e9 la cooperativa de garanzia pl\u00fc grana dl S\u00fcdtirol cun depl\u00f6 m\u00ebmbri. Bele da dezens sostignun azi\u00ebndes y daidun [&hellip;]<\/p>\n","protected":false},"author":1,"featured_media":2275,"parent":0,"menu_order":0,"comment_status":"closed","ping_status":"closed","template":"","meta":{"_acf_changed":false,"footnotes":""},"class_list":["post-1934","page","type-page","status-publish","has-post-thumbnail","hentry"],"acf":[],"yoast_head":"<!-- This site is optimized with the Yoast SEO plugin v27.4 - https:\/\/yoast.com\/product\/yoast-seo-wordpress\/ -->\n<title>Garfidi - Garanzia de credit tl S\u00fcdtirol | Chi che i sun<\/title>\n<meta name=\"description\" content=\"Garfidi \u00e9 la cooperativa de garanzia pl\u00fc grana dl S\u00fcdtirol, cun bele pl\u00fc de 7.000 azi\u00ebndes di seturs dl artejanat.\" \/>\n<meta name=\"robots\" content=\"index, follow, max-snippet:-1, max-image-preview:large, max-video-preview:-1\" \/>\n<link rel=\"canonical\" href=\"https:\/\/www.garfidi.it\/lld\/chi-che-i-sun\/\" \/>\n<meta property=\"og:locale\" content=\"en_US\" \/>\n<meta property=\"og:type\" content=\"article\" \/>\n<meta property=\"og:title\" content=\"Garfidi - Garanzia de credit tl S\u00fcdtirol | Chi che i sun\" \/>\n<meta property=\"og:description\" content=\"Garfidi \u00e9 la cooperativa de garanzia pl\u00fc grana dl S\u00fcdtirol, cun bele pl\u00fc de 7.000 azi\u00ebndes di seturs dl artejanat.\" \/>\n<meta property=\"og:url\" content=\"https:\/\/www.garfidi.it\/lld\/chi-che-i-sun\/\" \/>\n<meta property=\"og:site_name\" content=\"Garfidi\" \/>\n<meta property=\"article:modified_time\" content=\"2026-03-30T06:41:21+00:00\" \/>\n<meta property=\"og:image\" content=\"https:\/\/www.garfidi.it\/assets\/uploads\/DSC02660-scaled.jpg\" \/>\n\t<meta property=\"og:image:width\" content=\"2560\" \/>\n\t<meta property=\"og:image:height\" content=\"1707\" \/>\n\t<meta property=\"og:image:type\" content=\"image\/jpeg\" \/>\n<meta name=\"twitter:card\" content=\"summary_large_image\" \/>\n<meta name=\"twitter:label1\" content=\"Est. reading time\" \/>\n\t<meta name=\"twitter:data1\" content=\"10 minutes\" \/>\n<script type=\"application\/ld+json\" class=\"yoast-schema-graph\">{\"@context\":\"https:\\\/\\\/schema.org\",\"@graph\":[{\"@type\":\"WebPage\",\"@id\":\"https:\\\/\\\/www.garfidi.it\\\/lld\\\/chi-che-i-sun\\\/\",\"url\":\"https:\\\/\\\/www.garfidi.it\\\/lld\\\/chi-che-i-sun\\\/\",\"name\":\"Garfidi - Garanzia de credit tl S\u00fcdtirol | Chi che i sun\",\"isPartOf\":{\"@id\":\"https:\\\/\\\/www.garfidi.it\\\/lld\\\/#website\"},\"primaryImageOfPage\":{\"@id\":\"https:\\\/\\\/www.garfidi.it\\\/lld\\\/chi-che-i-sun\\\/#primaryimage\"},\"image\":{\"@id\":\"https:\\\/\\\/www.garfidi.it\\\/lld\\\/chi-che-i-sun\\\/#primaryimage\"},\"thumbnailUrl\":\"https:\\\/\\\/www.garfidi.it\\\/assets\\\/uploads\\\/DSC02660-scaled.jpg\",\"datePublished\":\"2025-05-19T21:19:26+00:00\",\"dateModified\":\"2026-03-30T06:41:21+00:00\",\"description\":\"Garfidi \u00e9 la cooperativa de garanzia pl\u00fc grana dl S\u00fcdtirol, cun bele pl\u00fc de 7.000 azi\u00ebndes di seturs dl artejanat.\",\"breadcrumb\":{\"@id\":\"https:\\\/\\\/www.garfidi.it\\\/lld\\\/chi-che-i-sun\\\/#breadcrumb\"},\"inLanguage\":\"lld-IT\",\"potentialAction\":[{\"@type\":\"ReadAction\",\"target\":[\"https:\\\/\\\/www.garfidi.it\\\/lld\\\/chi-che-i-sun\\\/\"]}]},{\"@type\":\"ImageObject\",\"inLanguage\":\"lld-IT\",\"@id\":\"https:\\\/\\\/www.garfidi.it\\\/lld\\\/chi-che-i-sun\\\/#primaryimage\",\"url\":\"https:\\\/\\\/www.garfidi.it\\\/assets\\\/uploads\\\/DSC02660-scaled.jpg\",\"contentUrl\":\"https:\\\/\\\/www.garfidi.it\\\/assets\\\/uploads\\\/DSC02660-scaled.jpg\",\"width\":2560,\"height\":1707},{\"@type\":\"BreadcrumbList\",\"@id\":\"https:\\\/\\\/www.garfidi.it\\\/lld\\\/chi-che-i-sun\\\/#breadcrumb\",\"itemListElement\":[{\"@type\":\"ListItem\",\"position\":1,\"name\":\"Home\",\"item\":\"https:\\\/\\\/www.garfidi.it\\\/lld\\\/\"},{\"@type\":\"ListItem\",\"position\":2,\"name\":\"Chi che i sun\"}]},{\"@type\":\"WebSite\",\"@id\":\"https:\\\/\\\/www.garfidi.it\\\/lld\\\/#website\",\"url\":\"https:\\\/\\\/www.garfidi.it\\\/lld\\\/\",\"name\":\"Garfidi\",\"description\":\"Garanzia sul Credito Alto Adige\",\"publisher\":{\"@id\":\"https:\\\/\\\/www.garfidi.it\\\/lld\\\/#organization\"},\"potentialAction\":[{\"@type\":\"SearchAction\",\"target\":{\"@type\":\"EntryPoint\",\"urlTemplate\":\"https:\\\/\\\/www.garfidi.it\\\/lld\\\/?s={search_term_string}\"},\"query-input\":{\"@type\":\"PropertyValueSpecification\",\"valueRequired\":true,\"valueName\":\"search_term_string\"}}],\"inLanguage\":\"lld-IT\"},{\"@type\":\"Organization\",\"@id\":\"https:\\\/\\\/www.garfidi.it\\\/lld\\\/#organization\",\"name\":\"Garfidi\",\"url\":\"https:\\\/\\\/www.garfidi.it\\\/lld\\\/\",\"logo\":{\"@type\":\"ImageObject\",\"inLanguage\":\"lld-IT\",\"@id\":\"https:\\\/\\\/www.garfidi.it\\\/lld\\\/#\\\/schema\\\/logo\\\/image\\\/\",\"url\":\"https:\\\/\\\/www.garfidi.it\\\/assets\\\/uploads\\\/cropped-favicon.png\",\"contentUrl\":\"https:\\\/\\\/www.garfidi.it\\\/assets\\\/uploads\\\/cropped-favicon.png\",\"width\":512,\"height\":512,\"caption\":\"Garfidi\"},\"image\":{\"@id\":\"https:\\\/\\\/www.garfidi.it\\\/lld\\\/#\\\/schema\\\/logo\\\/image\\\/\"}}]}<\/script>\n<!-- \/ Yoast SEO plugin. -->","yoast_head_json":{"title":"Garfidi - Garanzia de credit tl S\u00fcdtirol | Chi che i sun","description":"Garfidi \u00e9 la cooperativa de garanzia pl\u00fc grana dl S\u00fcdtirol, cun bele pl\u00fc de 7.000 azi\u00ebndes di seturs dl artejanat.","robots":{"index":"index","follow":"follow","max-snippet":"max-snippet:-1","max-image-preview":"max-image-preview:large","max-video-preview":"max-video-preview:-1"},"canonical":"https:\/\/www.garfidi.it\/lld\/chi-che-i-sun\/","og_locale":"en_US","og_type":"article","og_title":"Garfidi - Garanzia de credit tl S\u00fcdtirol | Chi che i sun","og_description":"Garfidi \u00e9 la cooperativa de garanzia pl\u00fc grana dl S\u00fcdtirol, cun bele pl\u00fc de 7.000 azi\u00ebndes di seturs dl artejanat.","og_url":"https:\/\/www.garfidi.it\/lld\/chi-che-i-sun\/","og_site_name":"Garfidi","article_modified_time":"2026-03-30T06:41:21+00:00","og_image":[{"width":2560,"height":1707,"url":"https:\/\/www.garfidi.it\/assets\/uploads\/DSC02660-scaled.jpg","type":"image\/jpeg"}],"twitter_card":"summary_large_image","twitter_misc":{"Est. reading time":"10 minutes"},"schema":{"@context":"https:\/\/schema.org","@graph":[{"@type":"WebPage","@id":"https:\/\/www.garfidi.it\/lld\/chi-che-i-sun\/","url":"https:\/\/www.garfidi.it\/lld\/chi-che-i-sun\/","name":"Garfidi - Garanzia de credit tl S\u00fcdtirol | Chi che i sun","isPartOf":{"@id":"https:\/\/www.garfidi.it\/lld\/#website"},"primaryImageOfPage":{"@id":"https:\/\/www.garfidi.it\/lld\/chi-che-i-sun\/#primaryimage"},"image":{"@id":"https:\/\/www.garfidi.it\/lld\/chi-che-i-sun\/#primaryimage"},"thumbnailUrl":"https:\/\/www.garfidi.it\/assets\/uploads\/DSC02660-scaled.jpg","datePublished":"2025-05-19T21:19:26+00:00","dateModified":"2026-03-30T06:41:21+00:00","description":"Garfidi \u00e9 la cooperativa de garanzia pl\u00fc grana dl S\u00fcdtirol, cun bele pl\u00fc de 7.000 azi\u00ebndes di seturs dl artejanat.","breadcrumb":{"@id":"https:\/\/www.garfidi.it\/lld\/chi-che-i-sun\/#breadcrumb"},"inLanguage":"lld-IT","potentialAction":[{"@type":"ReadAction","target":["https:\/\/www.garfidi.it\/lld\/chi-che-i-sun\/"]}]},{"@type":"ImageObject","inLanguage":"lld-IT","@id":"https:\/\/www.garfidi.it\/lld\/chi-che-i-sun\/#primaryimage","url":"https:\/\/www.garfidi.it\/assets\/uploads\/DSC02660-scaled.jpg","contentUrl":"https:\/\/www.garfidi.it\/assets\/uploads\/DSC02660-scaled.jpg","width":2560,"height":1707},{"@type":"BreadcrumbList","@id":"https:\/\/www.garfidi.it\/lld\/chi-che-i-sun\/#breadcrumb","itemListElement":[{"@type":"ListItem","position":1,"name":"Home","item":"https:\/\/www.garfidi.it\/lld\/"},{"@type":"ListItem","position":2,"name":"Chi che i sun"}]},{"@type":"WebSite","@id":"https:\/\/www.garfidi.it\/lld\/#website","url":"https:\/\/www.garfidi.it\/lld\/","name":"Garfidi","description":"Garanzia sul Credito Alto Adige","publisher":{"@id":"https:\/\/www.garfidi.it\/lld\/#organization"},"potentialAction":[{"@type":"SearchAction","target":{"@type":"EntryPoint","urlTemplate":"https:\/\/www.garfidi.it\/lld\/?s={search_term_string}"},"query-input":{"@type":"PropertyValueSpecification","valueRequired":true,"valueName":"search_term_string"}}],"inLanguage":"lld-IT"},{"@type":"Organization","@id":"https:\/\/www.garfidi.it\/lld\/#organization","name":"Garfidi","url":"https:\/\/www.garfidi.it\/lld\/","logo":{"@type":"ImageObject","inLanguage":"lld-IT","@id":"https:\/\/www.garfidi.it\/lld\/#\/schema\/logo\/image\/","url":"https:\/\/www.garfidi.it\/assets\/uploads\/cropped-favicon.png","contentUrl":"https:\/\/www.garfidi.it\/assets\/uploads\/cropped-favicon.png","width":512,"height":512,"caption":"Garfidi"},"image":{"@id":"https:\/\/www.garfidi.it\/lld\/#\/schema\/logo\/image\/"}}]}},"_links":{"self":[{"href":"https:\/\/www.garfidi.it\/lld\/wp-json\/wp\/v2\/pages\/1934","targetHints":{"allow":["GET"]}}],"collection":[{"href":"https:\/\/www.garfidi.it\/lld\/wp-json\/wp\/v2\/pages"}],"about":[{"href":"https:\/\/www.garfidi.it\/lld\/wp-json\/wp\/v2\/types\/page"}],"author":[{"embeddable":true,"href":"https:\/\/www.garfidi.it\/lld\/wp-json\/wp\/v2\/users\/1"}],"replies":[{"embeddable":true,"href":"https:\/\/www.garfidi.it\/lld\/wp-json\/wp\/v2\/comments?post=1934"}],"version-history":[{"count":43,"href":"https:\/\/www.garfidi.it\/lld\/wp-json\/wp\/v2\/pages\/1934\/revisions"}],"predecessor-version":[{"id":3155,"href":"https:\/\/www.garfidi.it\/lld\/wp-json\/wp\/v2\/pages\/1934\/revisions\/3155"}],"wp:featuredmedia":[{"embeddable":true,"href":"https:\/\/www.garfidi.it\/lld\/wp-json\/wp\/v2\/media\/2275"}],"wp:attachment":[{"href":"https:\/\/www.garfidi.it\/lld\/wp-json\/wp\/v2\/media?parent=1934"}],"curies":[{"name":"wp","href":"https:\/\/api.w.org\/{rel}","templated":true}]}}